[INFO] cloning repository https://github.com/synetic707/rust-hook
[INFO] running `Command { std: "git" "-c" "credential.helper=" "-c" "credential.helper=/workspace/cargo-home/bin/git-credential-null" "clone" "--bare" "https://github.com/synetic707/rust-hook" "/workspace/cache/git-repos/https%3A%2F%2Fgithub.com%2Fsynetic707%2Frust-hook", kill_on_drop: false }`
[INFO] [stderr] Cloning into bare repository '/workspace/cache/git-repos/https%3A%2F%2Fgithub.com%2Fsynetic707%2Frust-hook'...
[INFO] running `Command { std: "git" "rev-parse" "HEAD", kill_on_drop: false }`
[INFO] [stdout] e43b33b5d5da83943465d9f6abe2c544cca48bfb
[INFO] checking synetic707/rust-hook against master#cfbc6d4cf1acbac5c025acf8ed68929caa551df3 for pr-75494-beta
[INFO] running `Command { std: "git" "clone" "/workspace/cache/git-repos/https%3A%2F%2Fgithub.com%2Fsynetic707%2Frust-hook" "/workspace/builds/worker-5/source", kill_on_drop: false }`
[INFO] [stderr] Cloning into '/workspace/builds/worker-5/source'...
[INFO] [stderr] done.
[INFO] validating manifest of git repo https://github.com/synetic707/rust-hook on toolchain cfbc6d4cf1acbac5c025acf8ed68929caa551df3
[INFO] running `Command { std: "/workspace/cargo-home/bin/cargo" "+cfbc6d4cf1acbac5c025acf8ed68929caa551df3" "read-manifest" "--manifest-path" "Cargo.toml", kill_on_drop: false }`
[INFO] started tweaking git repo https://github.com/synetic707/rust-hook
[INFO] finished tweaking git repo https://github.com/synetic707/rust-hook
[INFO] tweaked toml for git repo https://github.com/synetic707/rust-hook written to /workspace/builds/worker-5/source/Cargo.toml
[INFO] crate git repo https://github.com/synetic707/rust-hook already has a lockfile, it will not be regenerated
[INFO] running `Command { std: "/workspace/cargo-home/bin/cargo" "+cfbc6d4cf1acbac5c025acf8ed68929caa551df3" "fetch" "--locked" "--manifest-path" "Cargo.toml", kill_on_drop: false }`
[INFO] [stderr]  Downloading crates ...
[INFO] [stderr]   Downloaded executable_memory v0.1.2
[INFO] running `Command { std: "docker" "create" "-v" "/var/lib/crater-agent-workspace/builds/worker-5/target:/opt/rustwide/target:rw,Z" "-v" "/var/lib/crater-agent-workspace/builds/worker-5/source:/opt/rustwide/workdir:ro,Z" "-v" "/var/lib/crater-agent-workspace/cargo-home:/opt/rustwide/cargo-home:ro,Z" "-v" "/var/lib/crater-agent-workspace/rustup-home:/opt/rustwide/rustup-home:ro,Z" "-e" "SOURCE_DIR=/opt/rustwide/workdir" "-e" "CARGO_TARGET_DIR=/opt/rustwide/target" "-e" "CARGO_HOME=/opt/rustwide/cargo-home" "-e" "RUSTUP_HOME=/opt/rustwide/rustup-home" "-w" "/opt/rustwide/workdir" "-m" "1610612736" "--user" "0:0" "--network" "none" "rustops/crates-build-env@sha256:a636fd89d022f18117e1dc8fb37a0a009933cdbbe082814857f0e2024962d47c" "/opt/rustwide/cargo-home/bin/cargo" "+cfbc6d4cf1acbac5c025acf8ed68929caa551df3" "metadata" "--no-deps" "--format-version=1", kill_on_drop: false }`
[INFO] [stdout] c632f43f1cb69e7d88d50d0b9f7182a82e28a2a62ca7a0e34df48eb1f553975c
[INFO] [stderr] WARNING: Your kernel does not support swap limit capabilities or the cgroup is not mounted. Memory limited without swap.
[INFO] running `Command { std: "docker" "start" "-a" "c632f43f1cb69e7d88d50d0b9f7182a82e28a2a62ca7a0e34df48eb1f553975c", kill_on_drop: false }`
[INFO] running `Command { std: "docker" "inspect" "c632f43f1cb69e7d88d50d0b9f7182a82e28a2a62ca7a0e34df48eb1f553975c", kill_on_drop: false }`
[INFO] running `Command { std: "docker" "rm" "-f" "c632f43f1cb69e7d88d50d0b9f7182a82e28a2a62ca7a0e34df48eb1f553975c", kill_on_drop: false }`
[INFO] [stdout] c632f43f1cb69e7d88d50d0b9f7182a82e28a2a62ca7a0e34df48eb1f553975c
[INFO] running `Command { std: "docker" "create" "-v" "/var/lib/crater-agent-workspace/builds/worker-5/target:/opt/rustwide/target:rw,Z" "-v" "/var/lib/crater-agent-workspace/builds/worker-5/source:/opt/rustwide/workdir:ro,Z" "-v" "/var/lib/crater-agent-workspace/cargo-home:/opt/rustwide/cargo-home:ro,Z" "-v" "/var/lib/crater-agent-workspace/rustup-home:/opt/rustwide/rustup-home:ro,Z" "-e" "SOURCE_DIR=/opt/rustwide/workdir" "-e" "CARGO_TARGET_DIR=/opt/rustwide/target" "-e" "CARGO_INCREMENTAL=0" "-e" "RUST_BACKTRACE=full" "-e" "RUSTFLAGS=--cap-lints=forbid" "-e" "CARGO_HOME=/opt/rustwide/cargo-home" "-e" "RUSTUP_HOME=/opt/rustwide/rustup-home" "-w" "/opt/rustwide/workdir" "-m" "1610612736" "--user" "0:0" "--network" "none" "rustops/crates-build-env@sha256:a636fd89d022f18117e1dc8fb37a0a009933cdbbe082814857f0e2024962d47c" "/opt/rustwide/cargo-home/bin/cargo" "+cfbc6d4cf1acbac5c025acf8ed68929caa551df3" "check" "--frozen" "--all" "--all-targets" "--message-format=json", kill_on_drop: false }`
[INFO] [stdout] e5d3efc6f0f7d577673bf2853e17b178975dab8aee70ab459911d96fe35f9a61
[INFO] [stderr] WARNING: Your kernel does not support swap limit capabilities or the cgroup is not mounted. Memory limited without swap.
[INFO] running `Command { std: "docker" "start" "-a" "e5d3efc6f0f7d577673bf2853e17b178975dab8aee70ab459911d96fe35f9a61", kill_on_drop: false }`
[INFO] [stderr]    Compiling winapi v0.3.5
[INFO] [stderr]     Checking libc v0.2.42
[INFO] [stderr]     Checking byteorder v1.2.3
[INFO] [stderr]     Checking executable_memory v0.1.2
[INFO] [stderr]     Checking rust-hook v0.1.0 (/opt/rustwide/workdir)
[INFO] [stdout] error[E0433]: failed to resolve: could not find `um` in `winapi`
[INFO] [stdout]  --> src/hook.rs:6:13
[INFO] [stdout]   |
[INFO] [stdout] 6 | use winapi::um::winnt::PAGE_EXECUTE_READWRITE;
[INFO] [stdout]   |             ^^ could not find `um` in `winapi`
[INFO] [stdout] 
[INFO] [stdout] 
[INFO] [stdout] error[E0433]: failed to resolve: could not find `um` in `winapi`
[INFO] [stdout]  --> src/hook.rs:7:13
[INFO] [stdout]   |
[INFO] [stdout] 7 | use winapi::um::memoryapi::VirtualProtect;
[INFO] [stdout]   |             ^^ could not find `um` in `winapi`
[INFO] [stdout] 
[INFO] [stdout] 
[INFO] [stdout] error[E0432]: unresolved import `winapi::ctypes`
[INFO] [stdout]  --> src/hook.rs:8:13
[INFO] [stdout]   |
[INFO] [stdout] 8 | use winapi::ctypes::c_void;
[INFO] [stdout]   |             ^^^^^^ could not find `ctypes` in `winapi`
[INFO] [stdout] 
[INFO] [stdout] 
[INFO] [stdout] error[E0433]: failed to resolve: could not find `um` in `winapi`
[INFO] [stdout]  --> src/hook.rs:6:13
[INFO] [stdout]   |
[INFO] [stdout] 6 | use winapi::um::winnt::PAGE_EXECUTE_READWRITE;
[INFO] [stdout]   |             ^^ could not find `um` in `winapi`
[INFO] [stdout] 
[INFO] [stdout] 
[INFO] [stdout] error[E0433]: failed to resolve: could not find `um` in `winapi`
[INFO] [stdout]  --> src/hook.rs:7:13
[INFO] [stdout]   |
[INFO] [stdout] 7 | use winapi::um::memoryapi::VirtualProtect;
[INFO] [stdout]   |             ^^ could not find `um` in `winapi`
[INFO] [stdout] 
[INFO] [stdout] 
[INFO] [stdout] error[E0432]: unresolved import `winapi::ctypes`
[INFO] [stdout]  --> src/hook.rs:8:13
[INFO] [stdout]   |
[INFO] [stdout] 8 | use winapi::ctypes::c_void;
[INFO] [stdout]   |             ^^^^^^ could not find `ctypes` in `winapi`
[INFO] [stdout] 
[INFO] [stdout] 
[INFO] [stdout] error[E0425]: cannot find function, tuple struct or tuple variant `VirtualProtect` in this scope
[INFO] [stdout]   --> src/hook.rs:30:13
[INFO] [stdout]    |
[INFO] [stdout] 30 |             VirtualProtect(original_function as *mut c_void, 5, PAGE_EXECUTE_READWRITE, &mut dw_old_protect);
[INFO] [stdout]    |             ^^^^^^^^^^^^^^ not found in this scope
[INFO] [stdout] 
[INFO] [stdout] 
[INFO] [stdout] error[E0425]: cannot find value `PAGE_EXECUTE_READWRITE` in this scope
[INFO] [stdout]   --> src/hook.rs:30:65
[INFO] [stdout]    |
[INFO] [stdout] 30 |             VirtualProtect(original_function as *mut c_void, 5, PAGE_EXECUTE_READWRITE, &mut dw_old_protect);
[INFO] [stdout]    |                                                                 ^^^^^^^^^^^^^^^^^^^^^^ not found in this scope
[INFO] [stdout] 
[INFO] [stdout] 
[INFO] [stdout] error[E0425]: cannot find function, tuple struct or tuple variant `VirtualProtect` in this scope
[INFO] [stdout]   --> src/hook.rs:40:13
[INFO] [stdout]    |
[INFO] [stdout] 40 |             VirtualProtect(original_function as *mut c_void, 5, dw_old_protect, &mut dw_bkup);
[INFO] [stdout]    |             ^^^^^^^^^^^^^^ not found in this scope
[INFO] [stdout] 
[INFO] [stdout] 
[INFO] [stdout] warning: unused import: `std::os::raw::c_void`
[INFO] [stdout]   --> src/main.rs:11:5
[INFO] [stdout]    |
[INFO] [stdout] 11 | use std::os::raw::c_void;
[INFO] [stdout]    |     ^^^^^^^^^^^^^^^^^^^^
[INFO] [stdout]    |
[INFO] [stdout]    = note: `#[warn(unused_imports)]` on by default
[INFO] [stdout] 
[INFO] [stdout] 
[INFO] [stdout] error[E0425]: cannot find function, tuple struct or tuple variant `VirtualProtect` in this scope
[INFO] [stdout]   --> src/hook.rs:30:13
[INFO] [stdout]    |
[INFO] [stdout] 30 |             VirtualProtect(original_function as *mut c_void, 5, PAGE_EXECUTE_READWRITE, &mut dw_old_protect);
[INFO] [stdout]    |             ^^^^^^^^^^^^^^ not found in this scope
[INFO] [stdout] 
[INFO] [stdout] 
[INFO] [stdout] error[E0425]: cannot find value `PAGE_EXECUTE_READWRITE` in this scope
[INFO] [stdout]   --> src/hook.rs:30:65
[INFO] [stdout]    |
[INFO] [stdout] 30 |             VirtualProtect(original_function as *mut c_void, 5, PAGE_EXECUTE_READWRITE, &mut dw_old_protect);
[INFO] [stdout]    |                                                                 ^^^^^^^^^^^^^^^^^^^^^^ not found in this scope
[INFO] [stdout] 
[INFO] [stdout] 
[INFO] [stdout] error[E0425]: cannot find function, tuple struct or tuple variant `VirtualProtect` in this scope
[INFO] [stdout]   --> src/hook.rs:40:13
[INFO] [stdout]    |
[INFO] [stdout] 40 |             VirtualProtect(original_function as *mut c_void, 5, dw_old_protect, &mut dw_bkup);
[INFO] [stdout]    |             ^^^^^^^^^^^^^^ not found in this scope
[INFO] [stdout] 
[INFO] [stdout] 
[INFO] [stdout] warning: unused import: `std::os::raw::c_void`
[INFO] [stdout]   --> src/main.rs:11:5
[INFO] [stdout]    |
[INFO] [stdout] 11 | use std::os::raw::c_void;
[INFO] [stdout]    |     ^^^^^^^^^^^^^^^^^^^^
[INFO] [stdout]    |
[INFO] [stdout]    = note: `#[warn(unused_imports)]` on by default
[INFO] [stdout] 
[INFO] [stdout] 
[INFO] [stdout] error: aborting due to 6 previous errors; 1 warning emitted
[INFO] [stdout] 
[INFO] [stdout] 
[INFO] [stdout] Some errors have detailed explanations: E0425, E0432, E0433.
[INFO] [stdout] 
[INFO] [stdout] For more information about an error, try `rustc --explain E0425`.
[INFO] [stdout] 
[INFO] [stderr] error: could not compile `rust-hook`.
[INFO] [stderr] 
[INFO] [stderr] To learn more, run the command again with --verbose.
[INFO] [stderr] warning: build failed, waiting for other jobs to finish...
[INFO] [stdout] error: aborting due to 6 previous errors; 1 warning emitted
[INFO] [stdout] 
[INFO] [stdout] 
[INFO] [stdout] Some errors have detailed explanations: E0425, E0432, E0433.
[INFO] [stdout] 
[INFO] [stdout] For more information about an error, try `rustc --explain E0425`.
[INFO] [stdout] 
[INFO] [stderr] error: build failed
[INFO] running `Command { std: "docker" "inspect" "e5d3efc6f0f7d577673bf2853e17b178975dab8aee70ab459911d96fe35f9a61", kill_on_drop: false }`
[INFO] running `Command { std: "docker" "rm" "-f" "e5d3efc6f0f7d577673bf2853e17b178975dab8aee70ab459911d96fe35f9a61", kill_on_drop: false }`
[INFO] [stdout] e5d3efc6f0f7d577673bf2853e17b178975dab8aee70ab459911d96fe35f9a61
